*y - 2. Let v = -872 - -512. Let c = v + 364. Calculate i(c).
-34
Let a(f) = f**2 - 7*f - 1. Suppose 0 = 5*w - 5*n - 50, -44 = -3*w + 5*n - 10. What is a(w)?
7
Let k(m) = -2*m**2 - 26*m + 20. Let v = -9680 + 9666. Determine k(v).
-8
Suppose -94*t + 306 = 8*t. Let z(y) be the second derivative of 0 + 1/12*y**4 - 10*y + 1/2*y**2 + 7/6*y**t. Calculate z(-6).
-5
Let k(f) be the second derivative of 11*f**4/6 - f**3/2 + f**2 - 4*f + 19. Determine k(2).
84
Suppose -2*d + 4 = r, 4 = 4*d + 3*r + 6. Let z(c) = -2*c**2 + 4 + 3*c**2 + 0*c**2 - 6*c. Determine z(d).
11
Let q(y) be the third derivative of -1/24*y**4 + 0 + 0*y + 16*y**2 + 1/2*y**3. Suppose 0 = 3*f + 2*f. Give q(f).
3
Let a(u) be the first derivative of 1/6*u**3 + 0*u + 33/2*u**2 + 1/8*u**4 + 29. Let n(i) be the second derivative of a(i). What is n(-2)?
-5
Let v(b) = -b**2 - 12*b + 39. Let t be v(-13). Let f = t - 24. Let u(d) = 27*d - 11*d - 17*d - d**f - 3*d**3. Determine u(-1).
3
Let d be (3 + -2)/(((-8)/14)/4). Let n be ((-70)/(-12))/d*36/(-6). Let x(o) = o**3 - 5*o**2 + 1. Calculate x(n).
1
Let w(h) = -9*h + 61. Let p(n) = -8*n + 51. Let o(z) = -7*p(z) + 6*w(z). What is o(5)?
19
Let y(l) be the first derivative of 1/6*l**3 - 3/2*l**2 - 15*l - 18 + 1/12*l**4. Let o(s) be the first derivative of y(s). What is o(-4)?
9
Let r(q) be the third derivative of 0*q - 42*q**2 - 2/3*q**3 + 0 - 1/24*q**4. Give r(-6).
2
Let l(y) be the second derivative of -y**5/20 + 2*y**4 - 47*y**3/6 + 71*y**2/2 - 1897*y. Give l(22).
5
Suppose -414 = -53*b + 169. Let p(w) = -w**3 + 12*w**2 - 14*w + 43. Determine p(b).
10
Let k(m) = -13*m**3 - 18*m**2 - 95*m + 121. Let d(r) = -17*r**3 - 24*r**2 - 123*r + 161. Let a(x) = 10*d(x) - 13*k(x). What is a(-6)?
7
Let j(p) = 7*p + 6. Let l(x) = 39*x + 63. Let t(z) = 6*j(z) - l(z). Suppose -3*w = -4*w + 9. What is t(w)?
0
Let c be 160/(-1680) - 2161/21. Suppose -5*p + 650 = 160. Let a = p + c. Let t(d) = -d**2 - 5*d + 3. Determine t(a).
3
Suppose 2*n = n - 4*s + 46, 3*s = -12. Let f = n + -86. Let w = f - -24. Let z(a) = a - 4. Calculate z(w).
-4
Let i(p) = p**3 - 10*p**2 - 14*p + 1. Suppose 6*l + 2*l + 54 - 142 = 0. Determine i(l).
-32
Let t(g) be the third derivative of g**4/24 + 15*g**2. Let v(h) = -4*h - 7. Let c(i) = 6*t(i) + 2*v(i). Let f be c(-4). Let w(y) = y**2 + 5*y - 8. What is w(f)?
-2
Let p(d) = d**2 - 4*d - 1. Let s = 342 - 348. Let l be 2*(-8)/s*108/48. Determine p(l).
11
Let i(j) = -j - 10*j**2 - 3*j**2 + 1 + 14*j**2. Let m = -37 - -38. Let s be (1 + -1)/(m - 2 - 2). Give i(s).
1
Let u(x) = -9*x**2 + 7*x + 47. Let j(w) = -5*w**2 + 4*w + 23. Let o(k) = -7*j(k) + 4*u(k). Suppose 395*y - 193*y - 178*y = 0. Give o(y).
27
Let s(y) be the second derivative of -5/6*y**3 - 5*y + 4 + 0*y**2. Give s(3).
-15
Let u(g) be the first derivative of -g**2 - 9*g + 1. Let a(t) = -6*t - 27. Let k be (-6)/39 + (184/13 - 3). Let n(q) = k*u(q) - 4*a(q). Calculate n(-7).
-5
Let a be (-37 - -19) + 3 + 21. Let c(b) = 48*b - 277. Calculate c(a).
11
Let a(k) = k**2. Let l be a(3). Suppose 0 = 14*f - l*f + 2*d - 7, 0 = -4*f - 3*d. Let p(h) = -h**2 + 4*h - 10. Give p(f).
-7
Let k(i) = 2*i**2 + 16*i + 29. Let v be k(-5). Let j(p) = 2*p - 260*p**2 + 2 + 524*p**2 - 263*p**2. Give j(v).
1
Let y be 144/(-45)*(-10)/(-4). Let p(h) = -56 - 67 + 130 + 8*h - 5*h**2 + 6*h**2. Determine p(y).
7
Let c(l) be the second derivative of 4*l**3 + 3*l**2 - 2*l - 39. Calculate c(-2).
-42
Suppose 5*v - d - 2302 = 0, -5*d + 309 - 1239 = -2*v. Let u(a) = 229*a + 9 + 230*a - v*a. Calculate u(10).
-1
Let m(f) = 97*f + 1423. Let o(w) = 8*w + 116. Let s(d) = -6*m(d) + 74*o(d). Give s(-5).
-4
Let q(w) = -9*w - 1. Suppose -72*k + 75*k = -210. Let l = k + 69. Give q(l).
8
Suppose -14*x + 117 - 103 = 0. Let y(m) = -10 + 6 + x - 1 + 2*m. Give y(9).
14
Let l(f) be the second derivative of -f**4/6 + 17*f**3/6 + 11*f**2 - 16*f + 10. Calculate l(10).
-8
Let j(h) = -7*h - 810. Let s(n) = 19*n + 2228. Let i(q) = -11*j(q) - 4*s(q). Let m be 2/7 - (-192)/14. Suppose r + r + m = 0. Determine i(r).
-9
Let j(r) be the first derivative of -r**2/2 + 3*r + 51. Let h = -28 - -40. Suppose 5*d - h = 3*d. What is j(d)?
-3
Let b(q) = q**3 - q - 7. Let o(d) = d**3 + 15*d**2 - 11*d - 48. Let g be o(-14). Suppose 302 = -z + g. Calculate b(z).
-7
Let f = -292 - -287. Let z(o) = -o**2 - o + 11. Determine z(f).
-9
Let n(t) be the third derivative of -t**5/60 - 13*t**4/24 - 3*t**3/2 + t**2. Let d = -105332 + 105320. What is n(d)?
3
Let v be (6/(-2))/3*2*-1. Let r(q) = 2*q - v - 6*q + 0*q + 1 - 3*q. Suppose -4*p + 3*o + 16 = 0, 3*p - 2*o = 5*p + 6. Give r(p).
-8
Let r(n) = -4*n - 150535 - 3*n + 0*n + 150414. Determine r(-7).
-72
Let u(z) = z**3 + 19*z**2 + z - 23. Let j(d) = -4*d**3 - 97*d**2 - 3*d + 115. Let p(q) = j(q) + 5*u(q). Let b be (-1 + 1)/(-1) + 2. Give p(b).
4
Let f(j) be the first derivative of j**4/2 - j**3/3 + j**2/2 + j - 3577. Determine f(-2).
-21
Let x = -8397 - -8394. Let a(o) = -49*o - 152. What is a(x)?
-5
Let k(l) = -l**2 + 9*l - 13. Let n be k(6). Let o(p) be the first derivative of 2*p - n*p + 17*p**2 - 14 - 8*p**2 - 8*p**2. Give o(4).
5
Let o = 116 + -111. Suppose -n = -o*p, -4*p = -3*n + 6*n - 19. Let c(z) = 1 - 101*z - n*z**2 + 101*z + z**3. What is c(5)?
1
Let y(x) = -5*x**2 + 2*x + 41. Let v(g) = -7*g**2 + 3*g + 42. Let i(t) = 2*v(t) - 3*y(t). Calculate i(5).
-14
Let x(k) be the second derivative of -9*k + 1/12*k**4 - 5/2*k**2 + 0 + 0*k**3. Let m(h) = h**2 - 1. Let f(b) = 2*m(b) - x(b). What is f(3)?
12
Let u(l) be the first derivative of -3*l**2/2 - l - 3. Suppose 38*g - 36*g + 3*d - 17 = 0, g - d = -4. What is u(g)?
-4
Suppose 24 + 31 = -5*n. Let f(b) be the second derivative of -b**5/20 - 5*b**4/6 + 11*b**3/6 - 5*b**2/2 - 22*b. Calculate f(n).
-5
Let f(x) = 1 - 4759*x**3 + 4752*x**3 + 0*x**2 - 2*x**2. Suppose 13 = 5*q - 2. Let b be -1 + q + (-6)/6. What is f(b)?
-8
Suppose 0 = -m + 4 + 12. Let r be ((-2)/(-6))/(m/384). Let h = r - 7. Let p(s) = 9*s**2 + s. Give p(h).
10
Suppose -39*y - 113 - 266 = 89. Let h(l) = -l**2 - 2*l + 122. What is h(y)?
2
Let s(l) be the first derivative of -4*l**2 - 22 + 1/3*l**3 + 10*l. Determine s(9).
19
Suppose -117*y = -122*y + 20. Let g(f) = -1 - 77*f + 76*f + y*f**2 - 5*f**2. Give g(-3).
-7
Suppose 5*d - 13 = 12. Let s be ((-20)/1)/(-3 - (0 - 1)). Suppose 3*g - 2*p = 7, d*g - 7*p - s = -2*p. Let q(n) = -2*n - 2. What is q(g)?
-8
Let s(n) = 18*n - 153. Let b be s(8). Let m(x) = x**3 + 9*x**2 + x + 19. What is m(b)?
10
Let f(p) = 660 - 664 + 4*p**2 + 2*p + 0*p**2 - p**2. Suppose -5*y = v + 3, -8*v = -2*y - 4*v + 12. Suppose y*s + 12 = -4*s. What is f(s)?
17
Let v(o) be the first derivative of -15*o**2 + 35*o - 4769. What is v(2)?
-25
Suppose 133*i + 1848 = 4*i - 3*i. Let h(b) = -b**3 - 16*b**2 - 32*b - 11. Determine h(i).
45
Let t(f) = 3*f**2 - 2*f + 1. Suppose -40*h + 29*h - 33 = -0. What is t(h)?
34
Let l = -2 + 8. Let u = 462 + -456. Let s(j) = -8*j - u - 5*j + 14*j + j. Determine s(l).
6
Suppose -o + 2*b = -16, -87 = -5*o - 7*b + 10*b. Let n(w) = -2*w + 49. Let f be n(o). Let l(h) = -3*h + h**2 + 7 + f*h + 8 - 5. Determine l(-8).
-6
Let o(m) = -628*m - 19. Let v(x) = 261*x + 8. Let g(t) = -5*o(t) - 12*v(t). Let b(f) = -f**3 + 7*f**2 - 6*f + 3. Let l be b(6). Determine g(l).
23
Let j = 5 + -2. Suppose -20 = -q + 3*n, 2*n + 33 = j*q + 8. Let x(r) be the third derivative of r**6/120 - r**5/12 + r**4/12 - r**3/3 + 2*r**2. Calculate x(q).
8
Let p(f) = 0*f**2 - 1 - 10*f**2 + 16*f**2 + 5*f**3. Let t(h) = 14*h**3 + 18*h**2 - 4. Let i(o) = 11*p(o) - 4*t(o). Calculate i(-6).
5
Let p(d) be the third derivative of -d**5/30 - 13*d**4/24 - d**3 - 6*d**2 - 254*d. Determine p(-3).
15
Let l be (0 + (-19)/3)*6. Let z = 40 + l. Let i(c) = -9*c + 1. Let g(o) = 9*o - 1. Let q(y) = -5*g(y) - 6*i(y). Determine q(z).
17
Let b(p) = p**2. Let j(d) = 3*d - 12. Let a be j(3). Let h(c) = 3*c**2 - 2*c - 1. Let l(r) = a*b(r) - h(r). Give l(2).
-19
Let z(k) = 0 - 2 + 101*k + 77*k - 307*k + 92*k. Calculate z(1).
-39
Let k(q) = -q**3 + 7*q**2 + 10*q - 17. Let w = -24 + 32. Let n be k(w). Let h(y) = 7*y + 3. Let p(o) = 37*o + 16. Let l(v) = -11*h(v) + 2*p(v). Determine l(n).
2
Let d(n) = -4*n - 5. Let b = -33 - -40. Suppose -5*u - 32 = -b. Let j(w) = 5*w + 6. Let k(s) = u*j(s) - 6*d(s). Calculate k(8).
-8
Let u(f) 